{"id":11,"date":"2015-08-27T15:51:26","date_gmt":"2015-08-27T13:51:26","guid":{"rendered":"http:\/\/reinerzimmermann.de\/?page_id=11"},"modified":"2023-12-28T12:13:25","modified_gmt":"2023-12-28T11:13:25","slug":"referenzen","status":"publish","type":"page","link":"https:\/\/reinerzimmermann.de\/?page_id=11","title":{"rendered":"Referenzen"},"content":{"rendered":"<p><strong>Hinweis: Die Referenzen beziehen sich auf einen Arbeitszeitraum von etwa 2015 bis 2022 und stellen einen Auszug aus Kundenr\u00fcckmeldungen dar.<\/strong><\/p>\n<blockquote><p>&#8222;Herr Zimmermann hat meinen Traumwagen am Bodensee entdeckt und ist mit mir dorthin gefahren, um das Auto zu pr\u00fcfen. Und das Beste: Er hat sogar einen Rabatt verhandeln k\u00f6nnen. Vielen Dank!&#8220;<\/p><\/blockquote>\n<p><a href=\"http:\/\/reinerzimmermann.de\/wp-content\/uploads\/2015\/08\/Mercedes-CLS.jpg\" rel=\"attachment wp-att-19\"><img loading=\"lazy\" decoding=\"async\" class=\"size-medium wp-image-19 alignnone\" src=\"http:\/\/reinerzimmermann.de\/wp-content\/uploads\/2015\/08\/Mercedes-CLS-300x125.jpg\" alt=\"Mercedes CLS\" width=\"300\" height=\"125\" srcset=\"https:\/\/reinerzimmermann.de\/wp-content\/uploads\/2015\/08\/Mercedes-CLS-300x125.jpg 300w, https:\/\/reinerzimmermann.de\/wp-content\/uploads\/2015\/08\/Mercedes-CLS-768x320.jpg 768w, https:\/\/reinerzimmermann.de\/wp-content\/uploads\/2015\/08\/Mercedes-CLS.jpg 938w\" sizes=\"(max-width: 300px) 100vw, 300px\" \/><\/a><\/p>\n<p>Herr S. aus Weinheim<\/p>\n<p>&nbsp;<\/p>\n<blockquote><p><em>&#8222;Herr Zimmermann hat mir nicht nur meinen Traumwagen besorgt, sondern auch gleich meinen alten Wagen verkauft &#8211; danke!&#8220;<\/em><\/p><\/blockquote>\n<p><a href=\"http:\/\/reinerzimmermann.de\/wp-content\/uploads\/2015\/08\/BMW-3er.jpg\" rel=\"attachment wp-att-20\"><img loading=\"lazy\" decoding=\"async\" class=\"alignnone size-medium wp-image-20\" src=\"http:\/\/reinerzimmermann.de\/wp-content\/uploads\/2015\/08\/BMW-3er-300x172.jpg\" alt=\"BMW 3er\" width=\"300\" height=\"172\" srcset=\"https:\/\/reinerzimmermann.de\/wp-content\/uploads\/2015\/08\/BMW-3er-300x172.jpg 300w, https:\/\/reinerzimmermann.de\/wp-content\/uploads\/2015\/08\/BMW-3er-768x442.jpg 768w, https:\/\/reinerzimmermann.de\/wp-content\/uploads\/2015\/08\/BMW-3er-1024x589.jpg 1024w\" sizes=\"(max-width: 300px) 100vw, 300px\" \/><\/a><\/p>\n<p>Frau I. aus Bremen<\/p>\n<p>&nbsp;<\/p>\n<blockquote><p>&#8222;Herr Zimmermann wurde mit dem Verkauf meines VW Lupos beauftragt. Er hat das Auto nach einem kurzen Check bei mir abgeholt, hier und da kleine Ausbesserungen vorgenommen, mit tollen Fotos online gestellt und innerhalb von einer Woche \u00e4u\u00dferst gewinnbringend weiterverkaufen k\u00f6nnen.\u00a0Die Abwicklung war reibungslos und immer Service orientiert. Herrn Zimmermann gilt hierf\u00fcr mein herzlicher Dank.&#8220;<\/p><\/blockquote>\n<p><a href=\"http:\/\/reinerzimmermann.de\/wp-content\/uploads\/2015\/08\/IMG_1397.jpg\" rel=\"attachment wp-att-21\"><img loading=\"lazy\" decoding=\"async\" class=\"alignnone size-medium wp-image-21\" src=\"http:\/\/reinerzimmermann.de\/wp-content\/uploads\/2015\/08\/IMG_1397-300x225.jpg\" alt=\"IMG_1397\" width=\"300\" height=\"225\" srcset=\"https:\/\/reinerzimmermann.de\/wp-content\/uploads\/2015\/08\/IMG_1397-300x225.jpg 300w, https:\/\/reinerzimmermann.de\/wp-content\/uploads\/2015\/08\/IMG_1397-768x576.jpg 768w, https:\/\/reinerzimmermann.de\/wp-content\/uploads\/2015\/08\/IMG_1397.jpg 960w\" sizes=\"(max-width: 300px) 100vw, 300px\" \/><\/a><\/p>\n<p>Isabelle S., Heidelberg<\/p>\n<p>&nbsp;<\/p>\n<blockquote><p>&#8222;Ich brauchte dringend ein &#8218;gro\u00dfes Auto f\u00fcr kleines Geld&#8216;. Hersteller und Typ waren mir dabei so ziemlich egal. Nur zuverl\u00e4ssig sollte es sein. Herr Zimmermann hat mich ausgiebig beraten und dann auch ein passendes Auto gefunden. Mit meinem Peugeot 306 Break bin ich sehr zufrieden. Danke! Ich empfehle Herrn Zimmermann gern weiter.&#8220;<\/p>\n<p><a href=\"http:\/\/reinerzimmermann.de\/wp-content\/uploads\/2015\/08\/Peugeot-306-Break.jpg\" rel=\"attachment wp-att-29\"><img loading=\"lazy\" decoding=\"async\" class=\"size-medium wp-image-29\" src=\"http:\/\/reinerzimmermann.de\/wp-content\/uploads\/2015\/08\/Peugeot-306-Break-300x141.jpg\" alt=\"?\" width=\"300\" height=\"141\" srcset=\"https:\/\/reinerzimmermann.de\/wp-content\/uploads\/2015\/08\/Peugeot-306-Break-300x141.jpg 300w, https:\/\/reinerzimmermann.de\/wp-content\/uploads\/2015\/08\/Peugeot-306-Break-768x361.jpg 768w, https:\/\/reinerzimmermann.de\/wp-content\/uploads\/2015\/08\/Peugeot-306-Break-1024x481.jpg 1024w, https:\/\/reinerzimmermann.de\/wp-content\/uploads\/2015\/08\/Peugeot-306-Break.jpg 2046w\" sizes=\"(max-width: 300px) 100vw, 300px\" \/><\/a><\/p><\/blockquote>\n<p>Michael R., Frankenthal<\/p>\n","protected":false},"excerpt":{"rendered":"<p>Hinweis: Die Referenzen beziehen sich auf einen Arbeitszeitraum von etwa 2015 bis 2022 und stellen einen Auszug aus Kundenr\u00fcckmeldungen dar. &#8222;Herr Zimmermann hat meinen Traumwagen am Bodensee entdeckt und ist mit mir dorthin gefahren, um das Auto zu pr\u00fcfen. Und das Beste: Er hat sogar einen Rabatt verhandeln k\u00f6nnen. Vielen Dank!&#8220; Herr S. aus Weinheim &hellip; <a href=\"https:\/\/reinerzimmermann.de\/?page_id=11\" class=\"more-link\"><span class=\"screen-reader-text\">Referenzen<\/span> weiterlesen <span class=\"meta-nav\">&rarr;<\/span><\/a><\/p>\n","protected":false},"author":1,"featured_media":0,"parent":0,"menu_order":20,"comment_status":"closed","ping_status":"closed","template":"","meta":{"footnotes":""},"_links":{"self":[{"href":"https:\/\/reinerzimmermann.de\/index.php?rest_route=\/wp\/v2\/pages\/11"}],"collection":[{"href":"https:\/\/reinerzimmermann.de\/index.php?rest_route=\/wp\/v2\/pages"}],"about":[{"href":"https:\/\/reinerzimmermann.de\/index.php?rest_route=\/wp\/v2\/types\/page"}],"author":[{"embeddable":true,"href":"https:\/\/reinerzimmermann.de\/index.php?rest_route=\/wp\/v2\/users\/1"}],"replies":[{"embeddable":true,"href":"https:\/\/reinerzimmermann.de\/index.php?rest_route=%2Fwp%2Fv2%2Fcomments&post=11"}],"version-history":[{"count":7,"href":"https:\/\/reinerzimmermann.de\/index.php?rest_route=\/wp\/v2\/pages\/11\/revisions"}],"predecessor-version":[{"id":53,"href":"https:\/\/reinerzimmermann.de\/index.php?rest_route=\/wp\/v2\/pages\/11\/revisions\/53"}],"wp:attachment":[{"href":"https:\/\/reinerzimmermann.de\/index.php?rest_route=%2Fwp%2Fv2%2Fmedia&parent=11"}],"curies":[{"name":"wp","href":"https:\/\/api.w.org\/{rel}","templated":true}]}}