{"id":84,"date":"2023-12-29T19:32:19","date_gmt":"2023-12-29T18:32:19","guid":{"rendered":"https:\/\/reinerzimmermann.de\/?page_id=84"},"modified":"2023-12-29T19:32:19","modified_gmt":"2023-12-29T18:32:19","slug":"ueber-mich","status":"publish","type":"page","link":"https:\/\/reinerzimmermann.de\/?page_id=84","title":{"rendered":"\u00dcber mich"},"content":{"rendered":"\n<p>Geboren und aufgewachsen in Heidelberg, einen Industrieberuf gelernt und lange in einer Firma gearbeitet, bin ich inzwischen \u00fcber mehrere Jobs und Weiterbildungen SAP-Experte und habe mehrere Hobbies. <\/p>\n\n\n\n<p>Ich gehe gerne klettern. Im Sommer gerne in den Bergen oder beim <a href=\"https:\/\/www.dav-weinheim.de\/\" data-type=\"link\" data-id=\"https:\/\/www.dav-weinheim.de\/\">DAV-Weinheim<\/a>, das Klettergel\u00e4nde hat durch den neuen Turm nochmals gewonnen. Bei schlechtem Wetter eher in den umliegenden Kletterhallen Frankenthal oder Bensheim.<\/p>\n\n\n\n<p>Wandern gehe ich &#8211; nat\u00fcrlich &#8211; auch. Wenn m\u00f6glich in den Alpen &#8211; wobei ich die letzten Jahre leider keine H\u00fcttentouren mehr gemacht habe. Aber ich habe es f\u00fcr 2024 wieder vor! <\/p>\n\n\n\n<p>Nebenbei engagiere ich mich auch beim <a href=\"https:\/\/hilfe-zur-selbsthilfe-ev.de\/\">Verein &#8222;Hilfe zur Selbsthilfe dritte Welt&#8220;<\/a> mit Sitz in Dossenheim. <\/p>\n\n\n\n<p>Und nicht nur Sport, auch Spiel, meistens Fantasy Rollenspiel, z.B. <a href=\"https:\/\/midgard-online.de\/\">Midgard<\/a>. <\/p>\n","protected":false},"excerpt":{"rendered":"<p>Geboren und aufgewachsen in Heidelberg, einen Industrieberuf gelernt und lange in einer Firma gearbeitet, bin ich inzwischen \u00fcber mehrere Jobs und Weiterbildungen SAP-Experte und habe mehrere Hobbies. Ich gehe gerne klettern. Im Sommer gerne in den Bergen oder beim DAV-Weinheim, das Klettergel\u00e4nde hat durch den neuen Turm nochmals gewonnen. Bei schlechtem Wetter eher in den &hellip; <a href=\"https:\/\/reinerzimmermann.de\/?page_id=84\" class=\"more-link\"><span class=\"screen-reader-text\">\u00dcber mich<\/span> weiterlesen <span class=\"meta-nav\">&rarr;<\/span><\/a><\/p>\n","protected":false},"author":1,"featured_media":0,"parent":0,"menu_order":0,"comment_status":"closed","ping_status":"closed","template":"","meta":{"footnotes":""},"_links":{"self":[{"href":"https:\/\/reinerzimmermann.de\/index.php?rest_route=\/wp\/v2\/pages\/84"}],"collection":[{"href":"https:\/\/reinerzimmermann.de\/index.php?rest_route=\/wp\/v2\/pages"}],"about":[{"href":"https:\/\/reinerzimmermann.de\/index.php?rest_route=\/wp\/v2\/types\/page"}],"author":[{"embeddable":true,"href":"https:\/\/reinerzimmermann.de\/index.php?rest_route=\/wp\/v2\/users\/1"}],"replies":[{"embeddable":true,"href":"https:\/\/reinerzimmermann.de\/index.php?rest_route=%2Fwp%2Fv2%2Fcomments&post=84"}],"version-history":[{"count":2,"href":"https:\/\/reinerzimmermann.de\/index.php?rest_route=\/wp\/v2\/pages\/84\/revisions"}],"predecessor-version":[{"id":86,"href":"https:\/\/reinerzimmermann.de\/index.php?rest_route=\/wp\/v2\/pages\/84\/revisions\/86"}],"wp:attachment":[{"href":"https:\/\/reinerzimmermann.de\/index.php?rest_route=%2Fwp%2Fv2%2Fmedia&parent=84"}],"curies":[{"name":"wp","href":"https:\/\/api.w.org\/{rel}","templated":true}]}}